) + (-67)/(-4) + -3?
11
Let j(m) = m**3 - 7*m**2 - 5*m - 15. What is the remainder when 113 is divided by j(8)?
5
Suppose 5*d - 961 = 5619. Suppose 0 = 26*i - 12*i - d. What is the remainder when i is divided by 19?
18
Suppose 3*n = -4*x + 232, 0 = -0*n - 4*n - x + 331. Calculate the remainder when n is divided by 23.
15
Calculate the remainder when ((-12)/(-10))/((8/110)/2) is divided by 2.
1
Calculate the remainder when 111 is divided by 3/(6/8) - (-156)/3.
55
Suppose 14*m = 466 - 130. Calculate the remainder when 791 is divided by m.
23
Suppose 4*a - 140 = -a - 5*l, 5*a + 4*l - 139 = 0. Suppose -a = -4*z + 69. What is the remainder when 95 is divided by z?
23
Let p = 44 + -24. Let i = 22 - 20. Calculate the remainder when -203*2*i/(-14) is divided by p.
18
Let t be 4/(-30) - 516/180. What is the remainder when 162 is divided by (t/2)/(5 + 153/(-30))?
12
Suppose -3*w + 8*w = 90. Suppose -w = -4*k + 2*k. What is the remainder when 16 is divided by k?
7
Let m be 15/(-2)*(-6)/(-9). Let u(f) = f + 3. Let d be u(m). Calculate the remainder when 3 + (-7 - d) + 32 is divided by 8.
6
Calculate the remainder when 316 is divided by (-10)/(-320)*56 + (-245)/(-4).
1
Let s(u) be the second derivative of -u**5/10 + u**4/4 - u**2/2 + 2*u. Calculate the remainder when s(-2) is divided by (-20)/(-15)*(-3 + 2 - -7).
3
Suppose 0 = 4*a - 8 - 8. Suppose -4*x = 2*g - 9*x - 4, 0 = -a*g + 5*x + 8. Calculate the remainder when 7 is divided by g.
1
Let w(y) = 47*y. Let h(z) = -z**2 + 2*z + 1. Let n be h(2). Let u be w(n). Suppose -5*r + u = -133. Calculate the remainder when r is divided by 13.
10
Suppose -2*i = -5*i + 3. Let j(h) = -40*h - 6. Let s(n) = 40*n + 5. Let o(w) = 6*j(w) + 7*s(w). What is the remainder when o(i) is divided by 21?
18
Suppose -q + 40 = q. Let k = q + -2. Calculate the remainder when k is divided by 6.
0
Let x(i) = i**2 - 34*i - 74. What is the remainder when 181 is divided by x(37)?
33
Let i(l) = 92*l - 17. Calculate the remainder when i(2) is divided by 24.
23
Let w(s) = -14*s - 429. Let h(f) = 2*f**2 + 3*f + 1. Calculate the remainder when w(-32) is divided by h(-3).
9
Let j = 94 - 92. Let m be ((-6)/4)/(6/(-8)). Suppose 4*l = -4*s, 3*s = -4*l + m*l + 4. What is the remainder when s is divided by j?
0
Suppose -2243*k + 781 = -2232*k. What is the remainder when 701 is divided by k?
62
Suppose 0 = 5*q + 3*a - 136 + 16, 0 = 5*q + 5*a - 120. Calculate the remainder when (-2)/(-4)*q/1 - 1 is divided by 8.
3
Suppose -2*l + 96 = -104. Suppose -6*v + l = -26. Suppose -6*h + 3*h + 18 = 4*i, -h + 6 = -2*i. Calculate the remainder when v is divided by h.
3
Suppose -5*m - 3*c = c - 113, 0 = -5*c + 10. Let t(v) = -v**2 - 4*v + 7. Let k be t(-5). Suppose k*y - 11 = y. What is the remainder when m is divided by y?
10
Let v = -104 + 152. Let z = v - 33. Suppose 83*p + 434 - 1181 = 0. Calculate the remainder when z is divided by p.
6
Let o = 17 - 17. Suppose -5*f + 465 = -5*g + 125, -f - g + 60 = o. What is the remainder when f is divided by 33?
31
Suppose u = -4*c - 2*u - 1, 3*c = -3*u - 3. Suppose -t = c*t. Suppose -3 = -z - t*z. Calculate the remainder when z is divided by 2.
1
Let d = -108 + 108. Suppose d*i + 2*i - 3*y - 5 = 0, 0 = i + y - 10. Calculate the remainder when 11 is divided by i.
4
Let r be 2/(-12) + (-910)/(-60). Suppose 3*t = z + 11, -3*t + r = -4*z + z. What is the remainder when 7 is divided by t?
1
Let j = -86 + 113. What is the remainder when 76 is divided by j?
22
Suppose -3*l - 5*h + 2 = 0, 0 = -l - l + 3*h + 14. Let q(z) = -z**2 + 5. Let u be q(3). What is the remainder when (u/(-12))/(2/78) is divided by l?
1
Suppose 5 = -w, 4*s + 2*w - 28 = -2. Calculate the remainder when 87 is divided by s.
6
Let u = 10 - 7. Calculate the remainder when (1*-1 + 2)*((-360)/3)/(-8) is divided by u.
0
Suppose -17*k - 4*o = -19*k + 166, -3*k + 233 = -2*o. Calculate the remainder when k is divided by 32.
11
Let x be (2 + 3)*(-4)/(-5). Suppose 9*q - 4*q = -x*u + 14, 5*u + 2*q - 26 = 0. Suppose -k - 6 = -21. What is the remainder when k is divided by u?
3
Let h(r) = r**2 + 8*r + 2. Let m be h(4). What is the remainder when (5/(m/36))/((-6)/(-60)) is divided by 22?
14
Suppose 75 = 31*i - 26*i. Calculate the remainder when 100 is divided by i.
10
Let b be (-1 + 0)*(5 + -9). What is the remainder when (-3)/(-12) + 47/b is divided by 6?
0
Let y be -2 + 0 - 4/(-2). Let l = -188 + 201. Suppose -l*i + 14*i - 13 = y. Calculate the remainder when 37 is divided by i.
11
Let i(o) be the second derivative of -o**4/12 - 2*o**3/3 + 3*o**2/2 + 2*o. Let k be i(-10). Let h = -20 - k. Calculate the remainder when h is divided by 13.
11
Let c = 19 - 22. What is the remainder when -126*c/24*4 is divided by 22?
19
Let n = -47 + 52. Suppose n*o - w - 288 = 0, 5*o - 3*w - 61 = 223. What is the remainder when o is divided by 12?
10
Suppose -61 = -5*m - 4*n, 0 = m - 5*n + 3*n - 15. Calculate the remainder when m is divided by -1 - 1 - (-10 + 0).
5
Let t(j) = -j**3 - 3*j**2 - 2*j - 2. Suppose 0*r - 5 = -5*o - 4*r, 0 = 2*r - 10. Let q be t(o). Calculate the remainder when q + 0 + (0 - 3) is divided by 1.
0
Let q(u) = -u**3 - 10*u**2 - 6*u - 41. Calculate the remainder when 185 is divided by q(-10).
14
Suppose -3 = f - 33. Let x = 37 - f. Suppose -3*q = -4*c + 151, -2*c + 3*c - 3*q = 49. Calculate the remainder when c is divided by x.
6
Suppose 17 = -11*q + 12*q. What is the remainder when 66 is divided by q?
15
Let w = 504 - 444. Calculate the remainder when w is divided by 38.
22
Suppose -8*o - 112 = -16*o. Calculate the remainder when (-50)/(-175) - (1 + (-472)/o) is divided by 11.
0
Suppose 8*c - 130 = -26. Suppose -4*o + 6*o - 4*n = 10, o = n + 1. Let u = o + 41. What is the remainder when u is divided by c?
12
Let v = 33 + -29. What is the remainder when v is divided by -140 + 138 + 4/(-6)*-6?
0
Suppose -4*q + 14 + 246 = 0. What is the remainder when 259 is divided by q?
64
Suppose -3*y - 78 = 3*t, -4*y + 14 - 117 = 5*t. Let v = y + 53. Calculate the remainder when v is divided by 15 + 2/(1 + -3).
12
Let z be (1 - -1)/(12/174). Suppose -7*x + 3*i - z = -9*x, -x - 5*i + 18 = 0. Calculate the remainder when 19 is divided by x.
6
Let h(u) = -u**3 + u**2 + 4. Let x be h(0). Suppose 3*a - 2*k = 0, -2*k + 0*k + x = -a. Suppose -a*t + 33 = t. Calculate the remainder when 41 is divided by t.
8
Suppose -5*p + 225 = -5*o, 2*o - 1486 = -1472. Let l = 98 - 70. What is the remainder when p is divided by l?
24
Let d(c) = -3*c + 13. Let b be d(4). Suppose -3*r = -8 - b. Suppose r*j = j + 52. Calculate the remainder when j is divided by 7.
5
Let a(n) = 2*n - 19. Let z be a(10). Let x(q) = 7*q**2 + q + 1. What is the remainder when 17 is divided by x(z)?
8
Suppose 0 = 33*u - 6*u - 12015. Calculate the remainder when u is divided by 14.
11
Let s = 6 + 0. Let k(n) = 40 - 27 - 7*n + 0*n**2 + n**2. Calculate the remainder when k(s) is divided by 4.
3
Let q = -45 + 56. Suppose p = 35 + q. Calculate the remainder when p is divided by 17.
12
Let a = 62 + -36. Suppose 0 = 5*g - 11 - 4. Let y = 13 - g. Calculate the remainder when a is divided by y.
6
Suppose -4*p + 2*v + 348 = -214, 0 = p - 4*v - 137. Calculate the remainder when p is divided by 33.
9
Suppose -5*u + 444 = 7*u. What is the remainder when u is divided by 12?
1
Suppose 20 = 5*v + 5. Suppose -v*o - 221 = -4*l, l - 3*o - 44 = -0*l. What is the remainder when l is divided by 12?
11
Suppose 5*z + 13 = 18. What is the remainder when 196 is divided by 11 + 27 + z*-5?
31
Let i = 242 - 187. Calculate the remainder when 548 is divided by i.
53
Let u = -32 - -240. What is the remainder when u is divided by 35?
33
What is the remainder when (-2)/(70/(-1635)) + 10/35 is divided by 13?
8
Suppose -5*k = -3*h + 4, -2*h = 4*k - h - 7. What is the remainder when 75 is divided by (6 - (3 + k))*10?
15
Let y = -23 - -32. Suppose y = -2*u + 159. Let r = 23 - 3. Calculate the remainder when u is divided by r.
15
Suppose 1666 + 2959 = 37*c. Calculate the remainder when c is divided by 33.
26
Let a(f) = f**3 + 12*f**2 + 18*f - 12. Let j be a(-9). Suppose -5*u = -3*n + 71, 3*n - u - j = 2*u. Calculate the remainder when 42 is divided by n.
20
Let m(n) = n**2 + 15*n + 48. Calculate the remainder when 45 is divided by m(-12).
9
Let l = -88 - -142. Calcul